{"id":50,"date":"2022-01-29T17:27:51","date_gmt":"2022-01-29T17:27:51","guid":{"rendered":"http:\/\/s899516799.online-home.ca\/?page_id=50"},"modified":"2022-01-30T17:24:43","modified_gmt":"2022-01-30T17:24:43","slug":"biographie","status":"publish","type":"page","link":"https:\/\/samirtahar.com\/?page_id=50","title":{"rendered":"Biographie"},"content":{"rendered":"\n<div class=\"wp-block-media-text alignwide is-stacked-on-mobile\"><figure class=\"wp-block-media-text__media\"><img loading=\"lazy\" decoding=\"async\" width=\"430\" height=\"646\" src=\"https:\/\/samirtahar.com\/wp-content\/uploads\/2022\/01\/samirtahar2.webp\" alt=\"\" class=\"wp-image-170 size-full\" srcset=\"https:\/\/samirtahar.com\/wp-content\/uploads\/2022\/01\/samirtahar2.webp 430w, https:\/\/samirtahar.com\/wp-content\/uploads\/2022\/01\/samirtahar2-200x300.webp 200w\" sizes=\"auto, (max-width: 430px) 100vw, 430px\" \/><\/figure><div class=\"wp-block-media-text__content\">\n<div class=\"wp-block-group is-layout-flow wp-block-group-is-layout-flow\">\n<p class=\"has-background-color has-text-color has-small-font-size\">Samir Tahar est n\u00e9 \u00e0 Mostaganem (Alg\u00e9rie). D\u00e8s l&rsquo;enfance, il s&rsquo;inscrit au \u00ab\u00a0Masrah Essa\u00efdia\u00a0\u00bb pour s&rsquo;initier \u00e0 la technique du chant arabe classique et andalou.<\/p>\n\n\n\n<p class=\"has-background-color has-text-color has-small-font-size\">Il poursuit son cursus musical \u00e0 l&rsquo;Institut Populaire&nbsp;de Musique Arabe d&rsquo;Oran. Dans la foul\u00e9e, il enregistre ses premiers disques aux Editions \u00ab\u00a0La Voix du Globe\u00a0\u00bb, chez Soule\u00efman.<\/p>\n\n\n\n<p class=\"has-background-color has-text-color has-small-font-size\">Multi-instrumentiste, Samir Tahar joue du Ney (fl\u00fbte ancestrale en roseau), du Qanoun (cythare arabe) et surtout du O\u00fbd, instrument de r\u00e9f\u00e9rence de la musique jou\u00e9 dans tout le Maghreb et le Moyen-Orient. Sur cet instrument, Samir Tahar perp\u00e9tue la tradition du Taqsim &#8211; improvisation bas\u00e9e sur des structures immuables.<\/p>\n\n\n\n<p class=\"has-background-color has-text-color has-small-font-size\">Sa participation \u00e0 diverses \u00e9missions de TV lui permet de s&rsquo;affirmer \u00e0 l&rsquo;\u00e9chelle nationale et internationale. Son ascension l&rsquo;am\u00e8ne au Maroc, en Tunisie, puis en Egypte o\u00f9 il approfondit&nbsp; ses connaissances dans le domaine de l&rsquo;exploitation des \u00ab\u00a0Maqamat\u00a0\u00bb et de la composition.<\/p>\n\n\n\n<p class=\"has-background-color has-text-color has-small-font-size\">\u00c9pris de justice et de&nbsp;libert\u00e9, Samir tahar lutte contre le racisme et pour le respect des droits de l&rsquo;homme. Plusieurs de ses chansons se rapportant \u00e0 des faits r\u00e9els, d\u00e9noncent l&rsquo;injustice et l&rsquo;arbitraire.<\/p>\n\n\n\n<p class=\"has-background-color has-text-color has-small-font-size\">Ouvert \u00e0 toutes les formes d&rsquo;expression de&nbsp;l&rsquo;art, Samir Tahar n&rsquo;h\u00e9site pas \u00e0 encourager et \u00e0 aider les jeunes talents.<\/p>\n<\/div>\n<\/div><\/div>\n","protected":false},"excerpt":{"rendered":"","protected":false},"author":1,"featured_media":0,"parent":0,"menu_order":0,"comment_status":"closed","ping_status":"closed","template":"","meta":{"footnotes":""},"class_list":["post-50","page","type-page","status-publish","hentry"],"_links":{"self":[{"href":"https:\/\/samirtahar.com\/index.php?rest_route=\/wp\/v2\/pages\/50","targetHints":{"allow":["GET"]}}],"collection":[{"href":"https:\/\/samirtahar.com\/index.php?rest_route=\/wp\/v2\/pages"}],"about":[{"href":"https:\/\/samirtahar.com\/index.php?rest_route=\/wp\/v2\/types\/page"}],"author":[{"embeddable":true,"href":"https:\/\/samirtahar.com\/index.php?rest_route=\/wp\/v2\/users\/1"}],"replies":[{"embeddable":true,"href":"https:\/\/samirtahar.com\/index.php?rest_route=%2Fwp%2Fv2%2Fcomments&post=50"}],"version-history":[{"count":10,"href":"https:\/\/samirtahar.com\/index.php?rest_route=\/wp\/v2\/pages\/50\/revisions"}],"predecessor-version":[{"id":181,"href":"https:\/\/samirtahar.com\/index.php?rest_route=\/wp\/v2\/pages\/50\/revisions\/181"}],"wp:attachment":[{"href":"https:\/\/samirtahar.com\/index.php?rest_route=%2Fwp%2Fv2%2Fmedia&parent=50"}],"curies":[{"name":"wp","href":"https:\/\/api.w.org\/{rel}","templated":true}]}}